5 + 2. Let j(c) = 245*c + 14. Let q(o) = -76*o - 5. Let s(n) = 2*j(n) + 7*q(n). What are the prime factors of s(y)?
7, 17
Suppose -3*v - 4*v = 0. Suppose v*r + 6*r = 36. Let z(i) = -i**3 + 12*i**2 - 22*i + 8. What are the prime factors of z(r)?
2, 23
Let i be ((-5)/3)/((-6)/18). Suppose 1 = i*n - 14. Suppose 5*j + 88 = n*a, -3*j + j - 4 = 0. What are the prime factors of a?
2, 13
Suppose 74*i = -157*i + 3136056. What are the prime factors of i?
2, 1697
Let v = -306 - -312. Suppose -40*j + 27506 = -v*j. List the prime factors of j.
809
Let m(i) = -13*i - 48. Let s be m(-4). Suppose -s*t + 1787 = -1897. What are the prime factors of t?
3, 307
Suppose -35 = -5*t - 4*v, -4 = -t - 2*v + 3. Suppose t*h - 2*h = 20. List the prime factors of h/6 + 172/3.
2, 29
Let p = -57 + 86. Suppose -1 + p = -r. List the prime factors of (-2 - 0)*1190/r.
5, 17
Let x(y) = -6*y**2 - 35*y + 19. Let v be (14/(-28))/(2/(-44)). Let u(s) = -3*s**2 - 18*s + 10. Let l(m) = v*u(m) - 6*x(m). List the prime factors of l(-7).
59
Let b(x) = 828*x**2 + 167*x + 691. What are the prime factors of b(-4)?
23, 577
Let a(j) = -2*j**2 - 10*j - 8. Let l be a(-4). Suppose l = 4*p - 5*r + 2*r + 2096, -3*r = -2*p - 1048. Let g = p + 764. List the prime factors of g.
2, 3, 5
Suppose -144 = 3*u + 4*w, -5*u + 5*w = -3*u + 96. Let t = -45 - u. Suppose -2*v + 3*v = t*s + 147, -4*v + 556 = 4*s. List the prime factors of v.
3, 47
Let y = -2655 - -5935. What are the prime factors of y?
2, 5, 41
Let f = 20893 - 2888. List the prime factors of f.
5, 13, 277
Let o(q) = 2*q**2 + 4*q + 15. Let l be o(8). Let t = 312 - l. What are the prime factors of t?
137
Let h = -15549 + 26721. What are the prime factors of h?
2, 3, 7, 19
Suppose 2112 = -113*m + 110*m. Let o = m - -737. List the prime factors of o.
3, 11
Let y(c) = 1 + 219*c - 141*c - 153*c. Suppose 1 - 3 = 2*h. List the prime factors of y(h).
2, 19
Suppose 3*d - 2214*p - 42643 = -2218*p, -14213 = -d - p. What are the prime factors of d?
13, 1093
Suppose -2*n + 4*s + 3 = -5*n, 0 = -2*s. Let o be n/((9/(-30))/(-3)). List the prime factors of 19/((-665)/(-4704)) - (-4)/o.
2, 67
Let q(x) = 15*x + 30. Let a be q(6). Let r = 506 - a. List the prime factors of r.
2, 193
Let x = 348 + -212. Suppose -6*u - x = -14*u. List the prime factors of u.
17
What are the prime factors of (-36)/(-14) + -3 - (-264324712)/3416?
2, 7, 5527
Let p(m) = 10*m**2 + 16*m - 12. Let i be p(6). Let f = i + 550. What are the prime factors of f?
2, 7, 71
Suppose 2*w - 13*x = -11*x + 28, -5*w - x + 58 = 0. Suppose 3604 = w*p - 1388. List the prime factors of p.
2, 13
Suppose 0 = -3*d + 113 - 5. Let n = -39 + d. Let u(w) = -23*w + 3. List the prime factors of u(n).
2, 3
Let f(a) = -a**3 - a**2 + 96. Let k be f(0). Let h be ((-207)/2)/(162/(-1080)). Suppose -h = -4*o - 5*n - k, -2*n = -4. What are the prime factors of o?
2, 73
Suppose -4*k - 3*t = -295147, 1817*k - 1819*k = 4*t - 147586. What are the prime factors of k?
73783
Let o = -1560 - -1565. Let w(r) = r + 10. Let g be w(-7). Suppose g*v - 44 = -x - 2*v, 44 = x - o*v. List the prime factors of x.
2, 11
Let z(l) = -51*l + 32. Let j be (2/(-7) - 6) + 2/7. List the prime factors of z(j).
2, 13
Let v = 374 - 370. Suppose -8*n + 3151 = -v*n - i, -5*n + 3932 = i. List the prime factors of n.
787
Let y(m) = 175*m - 388. Let k be -5*(6/5)/(-6 - -5). List the prime factors of y(k).
2, 331
What are the prime factors of (8 - 15 - 7)/(-2) - -13987?
2, 6997
Suppose 11 = -3*l + 20. Suppose -3*b + l = 18. What are the prime factors of 20/b*-41 + -1?
163
Let h(y) = -y**2 + 9*y - 22. Let k be h(5). List the prime factors of (481 + k + -3)/(1 + 0).
2, 7, 17
Let w be ((-5316)/18)/(4 + 14/(-3)). Suppose -387 = -10*b + w. What are the prime factors of b?
83
Let b = -5390 + 5598. What are the prime factors of b?
2, 13
Suppose 14 = 2*l + 2*c, 0 = -5*l + 3*c - 6*c + 35. Let w = l - 7. Suppose -4*h + w*h = -436. List the prime factors of h.
109
Suppose 0 = -2*s + 2*j - 14, 3*s - 4*j + 25 = -1. Let b be -47*(s*(-2)/4 + 0). Let n = b + 99. What are the prime factors of n?
2, 13
Let f be ((-4)/10)/((-10)/300). Let t = f + 32. Suppose -2*q = 2*s - 200, -t - 476 = -5*q + 5*s. List the prime factors of q.
2, 3, 17
Let u = 10711 + -1569. List the prime factors of u.
2, 7, 653
Let n(l) = -l**3 + 20*l**2 - 16*l + 29. Let h be n(17). Let x = -391 + h. What are the prime factors of x?
233
Let c(b) be the second derivative of -3*b**3/2 + b**2/2 - 3*b - 176. Suppose p - 8 = 5*p. What are the prime factors of c(p)?
19
Let g(d) = -5*d**2 + 2. Let z be g(3). Let s = -47 - z. List the prime factors of 62*(-6)/s + 6/(-2).
2, 3, 5
Let o(w) = 465*w + 1533. What are the prime factors of o(58)?
3, 3167
Let x = 35 - 31. Suppose -2436 = -x*g - 2*g. Suppose -2*z + 4*h + 254 = 0, 2*z + z - g = h. What are the prime factors of z?
137
Let s(y) = 178*y - 92. Let z(t) = 28*t - 78. Let a be z(3). What are the prime factors of s(a)?
2, 61
Suppose -3*p + 8*p + 15 = 0, -v + p = 0. Let r(h) = -407*h - 1683. Let a(z) = -14*z - 58. Let j(i) = v*r(i) + 88*a(i). What are the prime factors of j(-24)?
11, 19
Let i(v) = -78*v + 102. Let l = 174 + -179. List the prime factors of i(l).
2, 3, 41
Let i(h) = -13*h - 34. Let n be i(-3). Suppose 0 = -n*u - 190 + 2850. List the prime factors of u.
2, 7, 19
Suppose -220*p = -225*p + 32030. List the prime factors of p.
2, 3203
Let l(j) = 20*j**2 - 197*j + 26. What are the prime factors of l(15)?
1571
Let s(k) = 4*k**2 - 4*k + 6. Let c be s(-6). Suppose -21*z - 1204 + 1309 = 0. Suppose c = 3*n + 2*d, 3*n - 82 - 92 = z*d. What are the prime factors of n?
2, 29
Let d(o) = o**3 - 4*o**2 + 6*o - 8. Let w be d(4). Let q = w + -12. Suppose q*n - 104 = 256. What are the prime factors of n?
2, 3, 5
Suppose 5*h - 270215 = -5*w, w - 5*h - 47202 - 6877 = 0. List the prime factors of w.
54049
Suppose -114 = -4*i + 2*w, 6*i + 5*w - 121 = 2*i. Let r(u) = u**3 - 31*u**2 + 65*u - 68. List the prime factors of r(i).
3, 5
Let c(l) be the first derivative of -l**3/3 + 4*l**2 + 5*l + 8. Let v be c(8). Suppose -v*d + 65 = 5*j, -2*j + 7 + 18 = d. What are the prime factors of j?
2, 3
Let b(y) be the second derivative of -5*y**3/2 + 3*y**2/2 + 25*y. Let s be b(-1). Suppose -s = -p + 37. List the prime factors of p.
5, 11
Let k be (-4 - (-1132)/24) + (-15)/(-18). Let x(m) = 2*m**3 - 87*m**2 - 35*m + 77. List the prime factors of x(k).
11, 43
Suppose 11*v - 31 - 2 = 0. Suppose -6*z - 627 = -3*y - 11*z, z = -v. List the prime factors of y.
2, 107
Suppose -2627 - 553 = -4*z. Let y = -564 + z. Suppose -g - 4*u - u = -y, -5*g + 1215 = -5*u. List the prime factors of g.
241
Suppose 3*h + 27 = 5*l, -3*l = 5*h + 17 - 6. Suppose -t + 62 = j - 2*t, 204 = l*j + 3*t. What are the prime factors of (12/10)/(13/j)?
2, 3
Let m = 108980 + -46360. What are the prime factors of m?
2, 5, 31, 101
Let z(v) = -4161*v + 2101. What are the prime factors of z(-6)?
27067
Suppose 88*w = -4*h + 85*w + 63493, 3*w + 15877 = h. What are the prime factors of h?
2, 7937
Let o(u) = -269*u - 7. Let b(z) = 271*z + 6. Let c(t) = 4*b(t) + 5*o(t). What are the prime factors of c(-1)?
2, 5
Let g = -52926 - -78976. List the prime factors of g.
2, 5, 521
Suppose -2*d = -76*o + 78*o - 26, 0 = 2*o + 3*d - 27. Let q = -41 - -86. Let w = o + q. What are the prime factors of w?
3, 19
Let w be (-2)/26 + 210/26. Suppose -x + w*i + 626 = 7*i, 2*i - 1878 = -3*x. List the prime factors of x.
2, 313
Let h = 927 - 798. Suppose -16137 = -138*m + h*m. List the prime factors of m.
11, 163
Let n(d) = -2*d + 26. Let q(z) = z - 1. Let r(j) = n(j) + q(j). Let a be r(0). Suppose a - 265 = -12*o. What are the prime factors of o?
2, 5
Let t(m) = m**3 + m**2 - m + 6. Let l be t(-3). List the prime factors of 18/54 - 3642/l.
3, 5
Suppose 53*i = -18*i + 196528. List the prime factors of i.
2, 173
Let a(p) = -10*p + 96. Let j = 112 + -122. What are the prime factors of a(j)?
2, 7
Suppose -57*w + 21046 = -210024 + 38125. What are the prime factors of w?
5, 677
Suppose 2*p - 11813 = -3*o, -9*p - 15789 = -4*o - 4*p. List the prime factors of o.
7, 563
Let s = 36744 - 22310. List the prime factors of s.
2, 7, 1031
List the prime factors of 27*(-2175)/58*(-28 + -1 + -1).
3, 5
Let m(j) = -8*j + 27 - j**3 - 17 + 25*j - 7*j**2 - 17. Suppose -h + 3*a